rs of 7019626?
2, 19, 184727
List the prime factors of 2862866.
2, 41, 34913
What are the prime factors of 663788?
2, 165947
What are the prime factors of 79422?
2, 3, 7, 31, 61
What are the prime factors of 6974892?
2, 3, 313, 619
What are the prime factors of 40373?
47, 859
What are the prime factors of 2553345?
3, 5, 23, 2467
What are the prime factors of 718803?
3, 79867
What are the prime factors of 401417?
401417
What are the prime factors of 190188?
2, 3, 587
List the prime factors of 480325.
5, 19213
List the prime factors of 66419.
17, 3907
List the prime factors of 274246.
2, 7, 19, 1031
What are the prime factors of 659459?
433, 1523
List the prime factors of 124446.
2, 3, 7, 2963
What are the prime factors of 470011?
37, 12703
What are the prime factors of 821139?
3, 11, 149, 167
List the prime factors of 799108.
2, 199777
List the prime factors of 6087751.
17, 358103
List the prime factors of 25153948.
2, 17, 19, 19469
List the prime factors of 29008.
2, 7, 37
List the prime factors of 17524329.
3, 5841443
What are the prime factors of 2971828?
2, 19, 39103
List the prime factors of 7215633.
3, 17, 47161
List the prime factors of 227811.
3, 75937
List the prime factors of 13959877.
13959877
List the prime factors of 458076.
2, 3, 59, 647
What are the prime factors of 100472?
2, 19, 661
What are the prime factors of 2782949?
13, 19, 593
List the prime factors of 20693.
20693
List the prime factors of 623333.
19, 53, 619
What are the prime factors of 24540567?
3, 8180189
What are the prime factors of 506196?
2, 3, 43, 109
What are the prime factors of 1147814?
2, 37, 15511
List the prime factors of 210680.
2, 5, 23, 229
What are the prime factors of 228662?
2, 7, 16333
What are the prime factors of 887189?
31, 28619
List the prime factors of 149949.
3, 16661
List the prime factors of 3407629.
107, 31847
List the prime factors of 9791706.
2, 3, 1631951
List the prime factors of 18437.
103, 179
What are the prime factors of 23387?
7, 13, 257
What are the prime factors of 1405653?
3, 468551
What are the prime factors of 285232?
2, 17827
What are the prime factors of 282202?
2, 141101
What are the prime factors of 2144681?
7, 11, 23, 173
What are the prime factors of 9018300?
2, 3, 5, 23, 1307
What are the prime factors of 5442579?
3, 201577
List the prime factors of 209074.
2, 104537
List the prime factors of 1459301.
1459301
List the prime factors of 7346849.
811, 9059
What are the prime factors of 21204569?
21204569
List the prime factors of 3750188.
2, 13, 41, 1759
List the prime factors of 488339.
488339
What are the prime factors of 10267561?
853, 12037
List the prime factors of 360147.
3, 120049
List the prime factors of 282172.
2, 11, 53
What are the prime factors of 169865?
5, 53, 641
List the prime factors of 218321.
233, 937
List the prime factors of 1018445.
5, 347, 587
What are the prime factors of 14846910?
2, 3, 5, 13, 38069
List the prime factors of 250375.
5, 2003
List the prime factors of 836852.
2, 209213
What are the prime factors of 14758991?
13, 19, 59753
List the prime factors of 3334509.
3, 47, 7883
What are the prime factors of 417708?
2, 3, 41, 283
What are the prime factors of 522191?
522191
List the prime factors of 7404307.
7404307
What are the prime factors of 4517043?
3, 1505681
List the prime factors of 5050979.
19, 265841
What are the prime factors of 23868526?
2, 11, 23, 43, 1097
What are the prime factors of 43287?
3, 47, 307
List the prime factors of 624631.
7, 17, 29, 181
What are the prime factors of 499215?
3, 5, 23, 1447
List the prime factors of 3800768.
2, 59387
What are the prime factors of 2886500?
2, 5, 23, 251
List the prime factors of 8730209.
277, 31517
What are the prime factors of 331387?
7, 6763
List the prime factors of 20916186.
2, 3, 547, 6373
What are the prime factors of 389630?
2, 5, 47, 829
List the prime factors of 37250004.
2, 3, 11, 59, 4783
What are the prime factors of 319831?
319831
List the prime factors of 3628410.
2, 3, 5, 120947
What are the prime factors of 4608619?
4608619
What are the prime factors of 3936570?
2, 3, 5, 11, 79, 151
List the prime factors of 140420.
2, 5, 7, 17, 59
What are the prime factors of 353627?
353627
List the prime factors of 218151.
3, 24239
List the prime factors of 312522.
2, 3, 7, 1063
What are the prime factors of 226375?
5, 1811
What are the prime factors of 81143?
53, 1531
List the prime factors of 124611.
3, 73, 569
What are the prime factors of 17962?
2, 7, 1283
List the prime factors of 11533030.
2, 5, 43, 26821
List the prime factors of 439955.
5, 87991
List the prime factors of 7469018.
2, 17, 219677
List the prime factors of 3563417.
11, 13, 24919
List the prime factors of 535296.
2, 3, 17, 41
List the prime factors of 5074.
2, 43, 59
List the prime factors of 717879.
3, 271, 883
What are the prime factors of 13875949?
29, 478481
What are the prime factors of 292926?
2, 3, 48821
List the prime factors of 12158228.
2, 193, 15749
What are the prime factors of 36222687?
3, 1341581
What are the prime factors of 1340906?
2, 7, 19, 71
What are the prime factors of 441711?
3, 17, 2887
List the prime factors of 70175.
5, 7, 401
List the prime factors of 1015187.
43, 23609
List the prime factors of 1762442.
2, 11, 80111
What are the prime factors of 140358?
2, 3, 149, 157
What are the prime factors of 1983983?
727, 2729
List the prime factors of 391994.
2, 195997
What are the prime factors of 4242080?
2, 5, 26513
List the prime factors of 2742167.
31, 53, 1669
What are the prime factors of 27176?
2, 43, 79
What are the prime factors of 2554363?
7, 364909
What are the prime factors of 20506224?
2, 3, 427213
What are the prime factors of 1050783?
3, 227, 1543
What are the prime factors of 259036?
2, 31, 2089
What are the prime factors of 12977067?
3, 107, 40427
List the prime factors of 198683.
19, 10457
List the prime factors of 228827.
23, 9949
List the prime factors of 23975402.
2, 11, 29, 37579
What are the prime factors of 855673?
7, 13, 9403
List the prime factors of 459529.
7, 65647
What are the prime factors of 4743084?
2, 3, 19, 71, 293
What are the prime factors of 68418?
2, 3, 7, 181
What are the prime factors of 12925213?
7, 29, 63671
List the prime factors of 333764.
2, 181, 461
List the prime factors of 178896.
2, 3, 3727
List the prime factors of 121520.
2, 5, 7, 31
What are the prime factors of 331249?
331249
What are the prime factors of 1038975?
3, 5, 7, 1979
List the prime factors of 38160.
2, 3, 5, 53
What are the prime factors of 766382?
2, 31, 47, 263
List the prime factors of 278749.
17, 19, 863
What are the prime factors of 8769?
3, 37, 79
What are the prime factors of 25464772?
2, 23, 41, 43, 157
What are the prime factors of 1119513?
3, 373171
What are the prime factors of 221198?
2, 19, 5821
List the prime factors of 2401447.
2401447
List the prime factors of 2577448.
2, 199, 1619
What are the prime factors of 8481975?
3, 5, 113093
List the prime factors of 1395925.
5, 55837
What are the prime factors of 1909844?
2, 477461
List the prime factors of 2019153.
3, 449, 1499
List the prime factors of 50079.
3, 16693
List the prime factors of 4643537.
37, 41, 3061
List the prime factors of 507943.
17, 29879
What are the prime factors of 278594?
2, 139297
What are the prime factors of 17709?
3, 5903
List the prime factors of 42694.
2, 21347
List the prime factors of 18590864.
2, 1161929
What are the prime factors of 96180?
2, 3, 5, 7, 229
List the prime factors of 275931.
3, 23, 31, 43
What are the prime factors of 524238?
2, 3, 11, 13, 47
List the prime factors of 236695.
5, 47339
List the prime factors of 8908.
2, 17, 131
What are the prime factors of 102755?
5, 20551
List the prime factors of 6284861.
11, 51941
What are the prime factors of 19833521?
23, 31, 27817
List the prime factors of 1709107.
19, 23, 3911
List the prime factors of 46441.
46441
What are the prime factors of 9893469?
3, 3297823
List the prime factors of 1972324.
2, 43, 11467
List the prime factors of 53107.
23, 2309
What are the prime factors of 31961627?
3607, 8861
List the prime factors of 2311068.
2, 3, 29, 229
List the prime factors of 6527100.
2, 3, 5, 21757
What are the prime factors of 23800617?
3, 2644513
What are the prime factors of 